List the prime factors of o.
2, 3, 5, 29
Suppose -80*y + 81914 = -310691 - 249555. What are the prime factors of y?
23, 349
Suppose -77175 = -51*b + 44*b. Suppose b = -27*d + 34*d. What are the prime factors of d?
3, 5, 7
Let j(k) be the third derivative of k**6/120 - 29*k**5/60 - 31*k**4/12 + 29*k**3/2 - 110*k**2. List the prime factors of j(31).
3, 29
Let x(w) = 471*w**2 + 315*w + 1934. List the prime factors of x(-6).
2, 5, 17
Let l = -3 - -5. Let p = -266 + 404. Suppose -2*w - 3*j + 24 = -p, -8 = -l*j. List the prime factors of w.
3, 5
Let x(b) be the second derivative of b**5/20 + 187*b**2/2 - 7*b. Let f be x(0). Let y = f - 130. List the prime factors of y.
3, 19
Let o(k) = 7*k**2 + 9*k + 1. Let m(f) = 9*f - 57. Let i be m(7). Suppose -3*q - 12 = i. What are the prime factors of o(q)?
199
Let r be (-122)/(-18) + (-7)/(441/(-14)). What are the prime factors of (-2 - 51)/(2 + (-21)/r)?
53
Let p = -93218 - -159332. What are the prime factors of p?
2, 3, 3673
Let r be (-150)/18*(-9)/5. Suppose r*a - 16*a = 1. List the prime factors of (4 - -175)/((-3 - -2)*a).
179
Let h be ((-95)/(-5))/(1 - 264/267). Let v = -764 + h. What are the prime factors of v?
3, 103
What are the prime factors of 5/(10/(-5444))*(-21)/14?
3, 1361
Suppose -12*n = -4*n - 176. Suppose -18 + n = 4*g. What are the prime factors of (g - (-35)/(-14))/(1/(-62))?
3, 31
Let j be 86/(-4 + (5 - -1)). Suppose 46*m - j*m - 1419 = 0. What are the prime factors of m?
11, 43
List the prime factors of 5/((-125)/(-510))*-872*(-40)/48.
2, 17, 109
Let w(u) = 67*u - 63. Let c be w(22). Let v = c - 407. List the prime factors of v.
2, 251
Let i(g) = 989*g - 2068. List the prime factors of i(8).
2, 3, 487
Let s = 5686 - -25769. List the prime factors of s.
3, 5, 233
Let i = -697 + 773. List the prime factors of i/342*(-1 - -370).
2, 41
Let u be 2 + (4 - 9 - -13). Suppose -12*t = -u*t - 580. List the prime factors of t.
2, 5, 29
Suppose 0 = 2*u + 2*r - 3*r - 300, -5*u = -r - 753. List the prime factors of u.
151
Let u = -4 + 14. Let z = u + 49. Suppose -365 + z = -2*j. What are the prime factors of j?
3, 17
Suppose -2*w + 14563 = -3*q, 4*w - 211*q + 213*q = 29118. What are the prime factors of w?
2, 5, 7, 13
Let b = 96644 + -51909. List the prime factors of b.
5, 23, 389
Let d = 3993 + 11395. List the prime factors of d.
2, 3847
Suppose 6813 = -11*v + 9*v + 32561. What are the prime factors of v?
2, 41, 157
Let b(s) be the first derivative of 205*s**4/2 + s**3/3 + s**2/2 - s - 80. List the prime factors of b(1).
3, 137
Suppose 0*f - g = f - 1, -f - 4*g = 2. Let p be (-13 - -12) + (-25 - f). Let y = 13 - p. List the prime factors of y.
41
Suppose -34 = -4*n + 30. Let w(c) = -17 + 12*c - n + 24. What are the prime factors of w(3)?
3
Suppose -15*h + 24060 + 13710 = 0. Suppose 3*o = -2*z + 1664, 4*z - h = z + o. List the prime factors of z.
2, 419
Let x = -85 - -80. Let l be (-6 + 0/x)*1/(-6). List the prime factors of (l - (-78 + 1)) + 30/(-10).
3, 5
Let r be ((-10)/6)/(6/(-522)). Let t = r - 188. Let w = t - -101. What are the prime factors of w?
2, 29
Let o(x) = -11. Let n(j) = 4*j + 22. Let q(c) = 2*n(c) + 5*o(c). Let h be (-4)/(-14) - 47/(-7). List the prime factors of q(h).
3, 5
Suppose 0 = 5*z - 9*z + 316. Suppose g + 35 + z = 0. Let y = g - -164. What are the prime factors of y?
2, 5
Let q = 5 - 11. Let y(a) = a**2 + 16*a + 8. Let d(m) = m**2 + 16*m + 6. Let v(n) = 2*d(n) - 3*y(n). List the prime factors of v(q).
2, 3
Let l(q) = 112*q**2 + 27*q - 639. List the prime factors of l(9).
2, 3, 241
Suppose 0 = 6*c + 43 - 31. Let i(j) = -55*j**3 + 3*j**2 + 9*j + 8. What are the prime factors of i(c)?
2, 13, 17
Suppose 0 = 27*c - 3*c - 46689 + 8625. What are the prime factors of c?
2, 13, 61
List the prime factors of (6 - 196/32) + 94/(-16) - -15553.
7, 2221
Suppose -2*t - 64237 = -5*t - 2*s, 3*s - 107059 = -5*t. What are the prime factors of t?
21407
Let r = -2056 - -3776. Suppose 0 = -90*q + 82*q + r. List the prime factors of q.
5, 43
Suppose 8999520 = 166*i + 138*i + 3057536. What are the prime factors of i?
2, 29, 337
Suppose -2390*a = 3*x - 2387*a - 166707, -4*x = -3*a - 222325. What are the prime factors of x?
2, 6947
Let a = -129 - -119. Let f be 405/a*20/3. Let p = f - -508. List the prime factors of p.
2, 7, 17
What are the prime factors of (-240)/(-560) + (-26104)/(-14)?
5, 373
Let u be 20/9 + 3 + 10/(-45). Suppose 3*n = -3*v + 477, v - u*v + 16 = 0. List the prime factors of n.
5, 31
Suppose -2*u - 12 = -6*u. List the prime factors of (-2325)/50*(-10)/u.
5, 31
Let c = -7946 - -24476. What are the prime factors of c?
2, 3, 5, 19, 29
Let m(u) = u**3 + u**2 - u + 31. Let s be m(0). Let i = -37 + s. What are the prime factors of i/(-4)*1*(-17 - -31)?
3, 7
Let b = -544 - -546. Suppose 918 = 2*i - 4*y - 542, b*y + 2932 = 4*i. List the prime factors of i.
2, 367
Suppose -4*b = 24 - 56. What are the prime factors of b/18 - 3440/(-36)?
2, 3
Suppose -4*q = -d + 53, 4*q - 192 = -3*d - 33. Let c be 3/9*(d + 1). Suppose -9*u + c*u - 1233 = 0. What are the prime factors of u?
137
Let p(g) = 7*g**2 - 121*g - 21. List the prime factors of p(41).
5, 23, 59
Let x(j) = -2*j**2 - 14*j + 9. Let d be x(-7). What are the prime factors of d/(18/1453) + (-1)/2?
2, 3, 11
Let d(x) = -x**3 + 83*x**2 - 17*x - 650. What are the prime factors of d(79)?
3, 13, 19, 31
Suppose 0 = 36*o - 43*o - 7. Let b(l) = -1169*l - 41. What are the prime factors of b(o)?
2, 3, 47
Let y(w) = -w**3 - 4*w**2 + 9*w + 4. Let h be y(-6). Let j = -74 - -151. Let x = h + j. What are the prime factors of x?
3, 11
Let i be 24/16*4/3. Let j(a) = 19 - 5 + a + i + 4. What are the prime factors of j(10)?
2, 3, 5
Let x = -3027 + 2056. Let v be (x + -2)/((-4)/(-60)). What are the prime factors of ((-10)/(-12))/5 - v/126?
2, 29
Let s be ((-35920)/(-24))/(10/15). Suppose s = 3*r + r - d, 1 = -d. List the prime factors of r.
3, 11, 17
Let d be (-2)/(-2*1/4). Suppose -15*j + 7752 = d*j. What are the prime factors of j?
2, 3, 17
Let m(a) = -a**2 - 182*a - 92. What are the prime factors of m(-47)?
13, 37
Suppose 6*l + 899 = 4241. Suppose -l = -a + r - 2*r, r + 567 = a. Suppose -a - 470 = -6*p. List the prime factors of p.
2, 43
Let k be (-432)/(20/(-5))*4/12. List the prime factors of 30412/k + (-26)/(-117).
5, 13
Let v = 5255 - -6134. List the prime factors of v.
7, 1627
Let t(r) = -31*r + 17. Suppose s - 116 + 34 = 5*h, h - 3*s + 22 = 0. List the prime factors of t(h).
3, 19
Suppose 0 = -5*i - 16*i - 50060 + 950057. List the prime factors of i.
17, 2521
Let s = -288 - -300. Suppose s*l - 6838 - 4118 = 0. List the prime factors of l.
11, 83
Let a(t) = 5397*t**2 + 14*t - 25. What are the prime factors of a(3)?
2, 5, 43, 113
Suppose -4*y + 24748 = 4*v + v, -24780 = -4*y + 3*v. Suppose 6*q - y = -10*q. List the prime factors of q.
3, 43
Let k = 7 - -3. Suppose 2*g + 800 = -4*w, -k = -3*w + w. List the prime factors of (0 - (-30)/25)/((-3)/g).
2, 41
Let m(j) = -3*j + 15. Let w be m(5). Suppose -5*t + 14 + 11 = w. Let a(h) = 8*h - 10. What are the prime factors of a(t)?
2, 3, 5
Let o(s) = -1644*s + 2870. What are the prime factors of o(-10)?
2, 5, 1931
Let z = 185 + -184. List the prime factors of z/2 - (-1)/(-4)*-486.
2, 61
Suppose -3*r = 3, 0 = -5*d + 2*r + 2*r + 8164. Suppose -7*v + 4*o - 393 = -8*v, 4*v = -4*o + d. What are the prime factors of v?
7, 59
Suppose h + 4*h - 1090 = 0. Let m = h + 33. What are the prime factors of m?
251
Suppose z - 311 = -2*m, 10*z - 2*m - 598 = 8*z. List the prime factors of z.
3, 101
Suppose -181*s + 9535 = -1413668. What are the prime factors of s?
3, 2621
Let n = -17107 - -26609. List the prime factors of n.
2, 4751
Suppose -2*f - 4*w = 708, 5*f - 3*f - 5*w + 744 = 0. List the prime factors of 4/(-16) + f/(-8).
3, 5
Let k be -5 + (-8)/(-2) - 2. Suppose -2*t + 187 = -5*d, 4*d - 6*d = 5*t - 482. What are the prime factors of -5 + t - (-4 - k)?
2, 23
Suppose -52 = 7*b + 144. Suppose 3*s + 4*k + 2 = 0, -2*s - 9*k + 7*k - 2 = 0. List the prime factors of ((-752)/s)/(b/(-14)).
2, 47
Let u = 92 - 52. Let l = 45 - u. Suppose 0 = -l*y + 273 - 8. What are the prime factors of y?
53
Let h = -2670 - -6099. List the prime factors of h.
3, 127
Let c(r) = 3*r**2 + 9*r - 5. Let p(i) = i**2 + 10*i + 17. Let j = -71 + 65. Let n be p(